t?
8
Let u(p) = -89*p - 9. What is the tens digit of u(-1)?
8
Let m = -55 - -92. Suppose -h + 0*z + m = 3*z, -3*z + 185 = 5*h. What is the units digit of h?
7
Suppose 5*h + 138 = 658. What is the hundreds digit of h?
1
Suppose 0*k + k - 3 = 0. What is the units digit of -1*k/(9/(-15))?
5
Suppose 5*v - 21 = -2*l, 3*v + 4 = -l + 16. Suppose -u = v*u - 72. What is the tens digit of u?
1
Let n = 2 - 1. Let j = 1 - n. Suppose j = 3*l - 5*s - 38 - 18, -2*s - 8 = 0. What is the units digit of l?
2
Suppose 3*u - u = -3*q - 4, 0 = q + 5*u + 23. Let b be (-4)/(-2)*3/q. Let p = 4 - b. What is the units digit of p?
1
Suppose z = -2*b + 9, 0 = 3*b - 5*z - 7. What is the units digit of b/5 + 1/5?
1
Let n(m) = 2*m**3 + 2*m**2 - 1. Let i be n(1). Suppose 5*a + 4*d = a + 52, -5*a + 73 = -i*d. What is the units digit of a?
4
Let q(s) = 3*s - 2*s**2 - s + s**2 + 1. Let u be q(-1). What is the units digit of (1 - -1)*(-4)/u?
4
Suppose 0*c + 11 = 3*c - 2*q, -2*c + 11 = -5*q. Suppose c*r = 19 + 17. What is the tens digit of r?
1
Let t(w) be the third derivative of -w**6/120 + 5*w**3/2 + 2*w**2. What is the tens digit of t(0)?
1
Let m = 72 - 34. What is the tens digit of m?
3
Let r = -12 - -21. Let m = r + 0. What is the units digit of m?
9
Suppose 0 = 2*k - 3 + 11. Let q = k + 23. What is the tens digit of q?
1
Suppose -4*u = -519 + 95. Suppose 4*k = -10 + u. Suppose 0 = -w - 5*d + 40, 4*d - 3*d = -w + k. What is the units digit of w?
0
What is the units digit of 33/(-2)*(-48)/36?
2
Let a(q) = -1 - 8*q - 2 + 4 - 14*q. What is the units digit of a(-1)?
3
Suppose -82 = -2*j + 18. What is the tens digit of j?
5
Let l = 3 - 0. Suppose -4*c = -3*a + 34, 2*a + l*a + 5*c = 80. What is the units digit of a?
4
Suppose 0 = 8*a + 2*a - 330. What is the tens digit of a?
3
What is the hundreds digit of ((-28)/(-49))/(2/469)?
1
Let v be ((-3)/6)/(2/44). Suppose -3*d - 4*k = -k - 60, -52 = -3*d - 5*k. Let o = v + d. What is the units digit of o?
3
Let c(v) = 54*v**2 - 3*v + 1. What is the units digit of c(1)?
2
Let c = 50 - 93. Let z = 60 + c. What is the units digit of z?
7
Let d = -201 + 583. What is the tens digit of d?
8
Suppose -12*k = -2*k - 840. What is the tens digit of k?
8
Suppose 5*p - 30 = -0*p + 3*y, 0 = -p + 5*y + 28. Suppose 5*d - 13 - 12 = n, p*d + 5*n = 15. What is the units digit of d?
5
Let m(z) be the second derivative of -z**6/720 + z**4/12 + 2*z. Let c(p) be the third derivative of m(p). What is the units digit of c(-5)?
5
What is the units digit of 15358/63 - (-4)/18?
4
Suppose -4*h - 5*o + 16 = 0, -3*h + 12 = -o + 3*o. Let n = 0 + 3. Suppose -n*u - h = -10. What is the units digit of u?
2
What is the units digit of 2/2 - 162/(-9)?
9
Let j be (-2)/((-2)/1) - 0. What is the units digit of (j + (-7)/5)*-5?
2
Let x be (9/(-2))/(9/(-12)). Suppose 0 = 3*v - x*v. What is the units digit of (2 + v)*6/4?
3
Suppose 11*r = 2*r + 315. What is the units digit of r?
5
Let p be 77/33 - 1/3. Suppose 5*o - 2 = -n, -7 = -p*n - 2*o + 5. What is the units digit of n?
7
Let i = 44 - 17. Let s = 45 - i. What is the tens digit of s?
1
Let m = -8 - -8. Suppose 3*b - 105 + 12 = m. What is the tens digit of b?
3
Suppose 7*b + 101 = 8*b. What is the units digit of b?
1
Let r = 185 - 131. What is the tens digit of r?
5
Let m(i) = 2*i**2 - 4*i + 0*i**2 + 2*i**2 - 5*i**2 - 2. Let r be m(-3). What is the units digit of -15*(-8)/10*r?
2
Suppose 50 = 3*p - 2*p. Suppose 4*f = 2*f + p. What is the units digit of (6/15)/(1/f)?
0
Let a(d) = d**2 + 7*d + 1. Let i be a(-7). What is the units digit of (-6)/(-3) + 4 + i?
7
Let i(w) = -w**3 - 3*w**2 - 2*w + 5. What is the tens digit of i(-8)?
4
Let v = -69 - -130. What is the units digit of v?
1
Let c = 7 - 4. Suppose 5*j = -5*x + 2*j - 30, 0 = 5*x - c*j + 30. Let d = x + 9. What is the units digit of d?
3
Let k = 61 + -33. Suppose -m + k = -s, -m - 84 = -4*m + 4*s. What is the tens digit of m?
2
Suppose -2*c + 119 = 3*k, -2*k = 4*c - 7*c - 101. Suppose -5*r + 3*u + 39 = 0, -6*r + u = -r - k. What is the units digit of r?
9
Suppose -5*b + o = -35, -5*b = -o + 2*o - 45. Let c be 1/(1 + b/(-10)). What is the units digit of 0 - 18/(2 - c)?
6
Let k(r) = -r**2 + 6*r - 1. Let u be k(5). Suppose -2*l = -3*o - 4*l - 7, 2*o + u = -l. What is the units digit of 1*(-3)/o + -1?
2
Let a(s) = -s**3 + 4*s**2 + s - 4. Let z be a(4). Suppose z = 2*h - 6 - 4. Suppose 5*r + u - 34 = 3, 27 = h*r - 4*u. What is the units digit of r?
7
Let q = 14 + -6. Suppose -2*l + q = -0*l. What is the units digit of l?
4
Let n = 82 - 27. What is the units digit of n?
5
Let q = -8 + 11. Suppose u - q = -1. What is the units digit of u?
2
Let l be (-4)/(2 - 4) + -2. Let v(g) = 2*g**2 - 8*g + 3. Let x be v(6). Suppose -x = -l*a - 3*a. What is the units digit of a?
9
Let p = 1 - -2. Suppose 2 = 4*i - 6. Let d = p - i. What is the units digit of d?
1
Let q(c) = c**3 + 8*c**2 - c + 4. Let f = -20 + 12. What is the units digit of q(f)?
2
Let j(q) = q**2 - 3*q - 1. What is the tens digit of j(-3)?
1
Suppose -2*t - 1 + 10 = 5*f, t = f - 6. Suppose 0 = f*n - 4*n - 4. What is the units digit of (-1 - -1) + (-32)/n?
8
Let a be 2 + -1 - (1 + 0). Suppose 5*v = -a*v. Let s(b) = -b + 7. What is the units digit of s(v)?
7
Let n = -33 - -55. What is the tens digit of n?
2
Let r = -200 - -450. What is the tens digit of r?
5
Let a be (-1)/3 + 28/3. Suppose 72 = 3*q - 4*t - 12, -3*t = -a. Let m = q - 20. What is the tens digit of m?
1
Let x = -87 + 140. What is the units digit of x?
3
Let w(q) = -q**2 - 2*q + 1. Let b be w(-2). Let j be -6*b/(9/(-24)). Let y = 0 + j. What is the tens digit of y?
1
Let j(s) = -2 + 3*s**2 + 1 + 7*s - 4*s**2. Let u be j(7). Let o = u - -8. What is the units digit of o?
7
Let c = -4 + 8. Suppose -c*w + 9*w = 10. What is the units digit of w?
2
Suppose -3*m - 4*s = -441, 5*m - 60 - 649 = 2*s. Let v = m + -90. What is the units digit of v?
3
Let j(y) = y**2 + y - 1. Let h be j(2). Suppose 70 = h*a - 3*f, -f - 4*f = -3*a + 58. What is the tens digit of a?
1
Suppose 6*q - 2*q = -12. Suppose 5*d = p + 16, 2*d + d - 32 = -5*p. Let i = q + p. What is the units digit of i?
1
Let q be (-1)/(-4) + 275/20. Suppose -q = -m - m. Let s(u) = -u**2 + 7*u + 5. What is the units digit of s(m)?
5
Let v(g) = -g**2 - 6*g + 7. Let k be v(-6). Let x = 1 - k. Let c = 10 + x. What is the units digit of c?
4
Let f = 6 + 34. What is the units digit of f?
0
Let m(o) = o**2 + 2. Let b be m(-4). Suppose -3*c + 3 = 3*y, c - b = -2*c + 2*y. Suppose 5*l = c*l + 4*i - 7, -4*l = -4*i - 20. What is the units digit of l?
9
Suppose 0*g = -5*u - 3*g + 18, 0 = -u - g + 4. Suppose 0 + 90 = -u*t. What is the units digit of 25*1*(-12)/t?
0
Suppose 0 = -2*c + 6*c - 16. Suppose c*z - 3*y = -z + 62, y + 14 = z. What is the tens digit of z?
1
Let o = 2 + -4. Let u be 52/12 - o/3. Suppose 4*r + 4*f - 28 = 0, -4*r - r + u = -5*f. What is the units digit of r?
4
Let b = 7 + -7. Suppose u = -4*p - 9, -3*p + b*p - 37 = -2*u. What is the units digit of u?
1
Suppose 2*k - 40 = -4*s, 6*k - k - 86 = -3*s. What is the tens digit of k?
1
Suppose 2*u - 68 = -0*u. What is the tens digit of u?
3
Let i = 29 + -47. Let z = 42 + i. What is the tens digit of z?
2
Let j(q) = 4*q + 2 + 3 + 2 - 5*q. What is the units digit of j(0)?
7
Suppose 0*c - 12 = -3*c. Suppose -5*l + 143 = -87. Suppose c*k + 10 = l. What is the units digit of k?
9
Let h(p) = -2*p + 4*p - 4 + 0*p. Let k be ((-3)/(-2))/((-2)/(-4)). What is the units digit of h(k)?
2
Suppose 5*r = 3*p + 20, -2*p = -0*r - 2*r + 8. What is the units digit of r?
4
Let h be (-1 + 2 + -4)/(-1). Suppose h*i - 4*i + 33 = 4*p, i - 29 = -3*p. What is the tens digit of i?
1
Suppose y + 4 + 1 = 0, -2*a + 13 = -y. Suppose -3*b - 52 = -i, i - a*i = 5*b + 68. Let w = -7 - b. What is the units digit of w?
9
Let g(t) = 2*t + 9. Let u be g(-6). Let a(n) = 4*n**2 + 3*n - 2. What is the units digit of a(u)?
5
Let r = -1 + 3. Suppose -r*z - z + 45 = 0. Suppose -d - 3*d + z = 3*s, -3*s = d - 15. What is the units digit of s?
5
Suppose -2*g + 1239 = 5*l, 4*l = -3*g + 7*g + 980. What is the units digit of l?
7
Let a be (0 - -1)/((-1)/9). Let v be (-4)/((-4)/(-7))*a. Suppose -v = -4*i - 19. What is the tens digit of i?
1
Let x be ((-105)/20)/((-3)/16). Suppose s - 8 = -3*a, -2*s - s - 5*a = -x. What is th